 7, what is 0 - -203151?
203151
In base 6, what is 15003 + 123?
15130
In base 10, what is 210 - 2855?
-2645
In base 15, what is -853 + -18c?
-9e0
In base 3, what is 112210 - -1002211?
1122121
In base 6, what is 14124 + -150?
13534
In base 15, what is 2 + -32d0d?
-32d0b
In base 13, what is -2 - -356aa?
356a8
In base 11, what is -8027 + -a?
-8036
In base 9, what is -252 + 888?
636
In base 8, what is -1 + -7424?
-7425
In base 11, what is 1717 - -92?
17a9
In base 5, what is -134204222 + 2?
-134204220
In base 3, what is 2100 - -2022010?
2101110
In base 15, what is -31 - -1428?
13e7
In base 6, what is -1212555 + -4?
-1213003
In base 5, what is 4 - -203420431?
203420440
In base 7, what is 1203655 - -24?
1204012
In base 12, what is 46 + 81a0?
8226
In base 8, what is -12 + -21155?
-21167
In base 15, what is -ddd - -13?
-dca
In base 2, what is 11011110100011111 + 0?
11011110100011111
In base 11, what is 2128 - 164?
1a74
In base 12, what is -25332 + -3?
-25335
In base 5, what is 1 - 21311243?
-21311242
In base 11, what is 12244 + 1?
12245
In base 12, what is 1219 - -1b62?
317b
In base 11, what is 6526 - 67?
646a
In base 4, what is 1212223 + 2100?
1220323
In base 12, what is -5108 + -11?
-5119
In base 4, what is -1101302 + 2?
-1101300
In base 16, what is -64 + 3ce?
36a
In base 6, what is 133443 - 15?
133424
In base 6, what is 2313 + -3420?
-1103
In base 16, what is 114 + -a9?
6b
In base 12, what is -3 + -8142?
-8145
In base 11, what is 4a + -827?
-788
In base 5, what is 4 + -121333204?
-121333200
In base 12, what is -43905 + -7?
-43910
In base 8, what is -4 + 6454621?
6454615
In base 2, what is 11011001100 + 1110110?
11101000010
In base 6, what is 120055535 - -5?
120055544
In base 13, what is -2456b - -29?
-24542
In base 15, what is -132 + -3055?
-3187
In base 13, what is 976 + 140?
ab6
In base 2, what is 101000100 - 101011100011?
-100110011111
In base 7, what is 11 + 2225014?
2225025
In base 10, what is 4 - -24937?
24941
In base 12, what is 108478 - -20?
108498
In base 5, what is 2400330 - 13?
2400312
In base 8, what is 3434211 + -3?
3434206
In base 11, what is -118a - -658?
-632
In base 7, what is 135 - 24545?
-24410
In base 7, what is 44 - 546?
-502
In base 12, what is 54671 + -4?
54669
In base 2, what is 1110110111 - -100101001?
10011100000
In base 14, what is -716a5 + 4?
-716a1
In base 10, what is 2 - 9782?
-9780
In base 12, what is -2576ba6 + 1?
-2576ba5
In base 6, what is -23405 - 1?
-23410
In base 6, what is 3 + -520111?
-520104
In base 8, what is 22636 - -17?
22655
In base 11, what is 105802 - -3?
105805
In base 15, what is -2 + 214e9?
214e7
In base 12, what is -4 + -134?
-138
In base 10, what is -34248 - 1?
-34249
In base 6, what is 125 + 2325?
2454
In base 8, what is -5527 + 4?
-5523
In base 10, what is 378 - -85?
463
In base 5, what is -1 + -10010243?
-10010244
In base 3, what is -1021020220 + -102212?
-1021200202
In base 5, what is 4242 + 1002?
10244
In base 11, what is 156 + 9a?
245
In base 9, what is 87 + -31887?
-31800
In base 9, what is 152522 + 12?
152534
In base 10, what is -15672 + 5?
-15667
In base 14, what is 60b7 + -15?
60a2
In base 2, what is -11111 - 11000101111011?
-11000110011010
In base 12, what is 7 - 88868?
-88861
In base 7, what is -336566 - -3?
-336563
In base 11, what is 23379 + -15?
23364
In base 5, what is 14 + 4221301?
4221320
In base 15, what is 1c4d + -8?
1c45
In base 3, what is 11 + 211120101112?
211120101200
In base 7, what is 11614665 + 2?
11615000
In base 8, what is -150 - 71?
-241
In base 6, what is 3 + 221324?
221331
In base 10, what is 782 - -11?
793
In base 11, what is 7 - -35249?
35255
In base 7, what is -1016 - -144?
-542
In base 10, what is -275 + 124?
-151
In base 15, what is 223c - -83?
22c0
In base 9, what is 21 - -113386?
113417
In base 4, what is -13 + -333222?
-333301
In base 16, what is -3d955 + 6?
-3d94f
In base 13, what is -aa2c - -3?
-aa29
In base 2, what is 11 + -101001011101010100?
-101001011101010001
In base 15, what is 369 - 1b?
34d
In base 9, what is 3023 + 46?
3070
In base 11, what is 120a93 + 4?
120a97
In base 4, what is 213 - 32222?
-32003
In base 9, what is 1380 - -3545?
5035
In base 15, what is -1b - -71d?
702
In base 6, what is -22353 - -14?
-22335
In base 11, what is 23 + 745?
768
In base 5, what is 3233031 + 13?
3233044
In base 6, what is -2 - 42212244?
-42212250
In base 2, what is -1000011100010 - 1000110?
-1000100101000
In base 9, what is 5 - -1305653?
1305658
In base 5, what is -11042 - -10?
-11032
In base 12, what is 11 + -2442b?
-2441a
In base 12, what is 4 + 8b966?
8b96a
In base 6, what is 1502425 + -4?
1502421
In base 9, what is 613 - 57?
545
In base 15, what is 5 + -4834?
-482e
In base 6, what is 134412125 - -1?
134412130
In base 12, what is -13 - 541b5?
-54208
In base 3, what is 21122102 + -120?
21121212
In base 11, what is 1 + 495415?
495416
In base 12, what is 139 + 214?
351
In base 11, what is 0 + -42434?
-42434
In base 5, what is -11 + -31431001?
-31431012
In base 8, what is 2 + -1307414?
-1307412
In base 9, what is 3 - -11352?
11355
In base 13, what is -2301 + 0?
-2301
In base 3, what is -211012212 + 221?
-211011221
In base 6, what is -22 + 124040?
124014
In base 7, what is 126311 + -1?
126310
In base 2, what is -11 - 11010011010110101000?
-11010011010110101011
In base 16, what is -1b + 191?
176
In base 3, what is 1 - -1100100102120?
1100100102121
In base 9, what is -54754 + -4?
-54758
In base 13, what is -896b5 - 14?
-896c9
In base 13, what is 3 + -3418?
-3415
In base 5, what is 33140 + 414?
34104
In base 2, what is 101100100110100000 + -1?
101100100110011111
In base 15, what is -21 + -56?
-77
In base 15, what is 0 + 9a90?
9a90
In base 11, what is -1942 + -16?
-1958
In base 16, what is 10 + 580d?
581d
In base 10, what is 84 - 4864?
-4780
In base 14, what is -10 + -2523?
-2533
In base 13, what is 0 + -784?
-784
In base 7, what is 2 - -43133?
43135
In base 10, what is 3085 + -10?
3075
In base 13, what is -493 - 5c0?
-a83
In base 13, what is a276 + b1?
a357
In base 10, what is 1272478 + -3?
1272475
In base 12, what is 1932 - -4?
1936
In base 12, what is 21912 - -7?
21919
In base 8, what is 3 - -44527?
44532
In base 13, what is 3422 - 3?
341c
In base 12, what is -9 - -242953?
242946
In base 11, what is 82 + 614?
696
In base 7, what is 4654 - -14?
5001
In base 11, what is 2485 + -4?
2481
In base 13, what is -3107 + -25?
-312c
In base 12, what is -2 + 3859b?
38599
In base 14, what is 6 + 18d19?
18d21
In base 16, what is 0 + -18f39?
-18f39
In base 5, what is -2244230 + -10?
-2244240
In base 4, what is -202 + -1023233?
-1030101
In base 9, what is -158 - -256?
87
In base 8, what is -26 + 3524?
3476
In base 12, what is 4 - -1110?
1114
In base 13, what is 1 + -17938?
-17937
In base 6, what is -5 + 1112?
1103
In base 8, what is -20460 - -127?
-20331
In base 7, what is 153 + 10352?
10535
In base 8, what is -4 - 501760?
-501764
In base 3, what is 12 - -202021222110?
202021222122
In base 5, what is 443102 - 2?
443100
In base 12, what is -5 + -393b?
-3944
In base 6, what is -2103202 + -5?
-2103211
In base 13, what is 328c - 36?
3256
In base 6, what is 1320143 - 53?
1320050
In base 10, what is 428282 - 3?
428279
In base 13, what is 3 + -a37c?
-a379
In base 16, what is -5 + 34d43?
34d3e
In base 12, what is -6 + -320b3?
-320b9
In base 11, what is 0 - 7577?
-7577
In base 10, what is -150286 - -3?
-150283
In base 11, what is -5 - 7027?
-7031
In base 12, what is 1 - -1b6?
1b7
In base 12, what is 3b117 - 21?
3b0b6
In base 5, what is 40 - -1210143?
1210233
In base 8, what is -5503350 - -4?
-5503344
In base 7, what is 3131 + 266?
3430
In base 16, what is -3c02 + 45?
-3bbd
In base 3, what is 11 - 122?
-111
In base 14, what is 9bd + a?
9c9
In base 14, what is -29533 + 1?
-29532
In base 2, what is 11001000000110 - -1100000?
11001001100110
In base 5, what is 4014210 - 22?
4014133
In base 9, what is -5 - -11143?
11137
In base 9, what is 43081 + 27?
43118
In base 15, what is 1319 + b3?
13cc
In base 6, what is -41524002 + -5?
-41524011
In base 12, what is -4 + -212aa?
-212b2
In base 9, what is -5 - -1211471?
1211465
In base 7, what is 5521 + 3314?
12135
In base 14, what is 37abd3 - 2?
37abd1
In base 4, what is 130 - 23102033?
-23101303
In base 2, what is -100000000 + -1011101?
-101011101
In base 